{"id":8683,"date":"2022-03-01T07:37:18","date_gmt":"2022-03-01T07:37:18","guid":{"rendered":"https:\/\/www.akunas.com\/privacy"},"modified":"2026-01-14T15:03:57","modified_gmt":"2026-01-14T14:03:57","slug":"datenschutzerklaerung","status":"publish","type":"page","link":"https:\/\/www.akunas.com\/de\/datenschutzerklaerung","title":{"rendered":"Datenschutzbestimmungen"},"content":{"rendered":"\n<div class=\"wp-block-group has-global-padding is-layout-constrained wp-block-group-is-layout-constrained\">\n<h1 class=\"wp-block-heading\">Datenschutzerkl\u00e4rung<\/h1>\n\n\n\n<h2 class=\"wp-block-heading\">1. Angaben zum Verantwortlichen<\/h2>\n\n\n\n<p><strong>Unternehmensname:<\/strong>&nbsp;Akunas Magrum SL (im Folgenden \u201eUnternehmen\u201c oder \u201eVerantwortlicher\u201c)<br><strong>Steuernummer (CIF):<\/strong>&nbsp;B42502385<br><strong>Adresse:<\/strong>&nbsp;Calle de Tabarca, 12, 03580 Alfas del Pi, Alicante, Spanien<br><strong>Telefon:<\/strong>&nbsp;+34 868 784 752<br><strong>E-Mail f\u00fcr Datenschutzanfragen:<\/strong>&nbsp;<a>info@akunas.com<\/a><\/p>\n\n\n\n<hr class=\"wp-block-separator has-alpha-channel-opacity\"\/>\n\n\n\n<h3 class=\"wp-block-heading\"><strong>1.1. Anwendbare Vorschriften<\/strong><\/h3>\n\n\n\n<p>Unsere Datenschutzerkl\u00e4rung wurde in \u00dcbereinstimmung mit der EU-Datenschutz-Grundverordnung (DSGVO) 2016\/679 des Europ\u00e4ischen Parlaments und des Rates vom 27. April 2016 erstellt. Sie betrifft den Schutz nat\u00fcrlicher Personen bei der Verarbeitung personenbezogener Daten und den freien Datenverkehr und hebt die Richtlinie 95\/46\/EG auf. Soweit diese Verordnung nicht im Widerspruch steht, gilt erg\u00e4nzend das spanische Datenschutzrecht.<\/p>\n\n\n\n<p>Durch die \u00dcbermittlung Ihrer Daten best\u00e4tigen Sie, dass Sie diese Datenschutzerkl\u00e4rung gelesen und verstanden haben, und erteilen Ihre ausdr\u00fcckliche und eindeutige Einwilligung zur Verarbeitung Ihrer personenbezogenen Daten f\u00fcr die hier angegebenen Zwecke und Bedingungen.<\/p>\n\n\n\n<p>Das Unternehmen kann diese Datenschutzerkl\u00e4rung \u00e4ndern, um sie an neue gesetzliche, gerichtliche oder aufsichtsrechtliche Vorgaben der spanischen Datenschutzbeh\u00f6rde anzupassen. Diese Datenschutzerkl\u00e4rung kann durch das Impressum, die Cookie-Richtlinie und die Allgemeinen Gesch\u00e4ftsbedingungen erg\u00e4nzt werden, soweit diese auf bestimmte Produkte oder Dienstleistungen Anwendung finden.<\/p>\n\n\n\n<hr class=\"wp-block-separator has-alpha-channel-opacity\"\/>\n\n\n\n<h3 class=\"wp-block-heading\"><strong>1.2. Datenschutzbeauftragter<\/strong><\/h3>\n\n\n\n<p>Das Unternehmen hat keinen Datenschutzbeauftragten bestellt.<\/p>\n\n\n\n<hr class=\"wp-block-separator has-alpha-channel-opacity\"\/>\n\n\n\n<h2 class=\"wp-block-heading\">2. Zweck der Datenverarbeitung<\/h2>\n\n\n\n<p>Ihre personenbezogenen Daten werden zu folgenden Zwecken verarbeitet:<\/p>\n\n\n\n<ul class=\"wp-block-list\">\n<li style=\"margin-right:var(--wp--preset--spacing--30);margin-left:var(--wp--preset--spacing--30)\">Bereitstellung von Informationen \u00fcber unsere Produkte und Dienstleistungen, wie auf dieser Website beschrieben, einschlie\u00dflich beruflicher Vermittlungen im Bereich der Immobilienwirtschaft.<\/li>\n\n\n\n<li style=\"margin-right:var(--wp--preset--spacing--30);margin-left:var(--wp--preset--spacing--30)\">Abschluss von Vertr\u00e4gen \u00fcber unsere Dienstleistungen nach Annahme eines Angebots\/Auftrags oder Unterzeichnung eines Handelsvertrags.<\/li>\n\n\n\n<li style=\"margin-right:var(--wp--preset--spacing--30);margin-left:var(--wp--preset--spacing--30)\">Versand von Neuigkeiten und Aktualisierungen \u00fcber das Unternehmen sowie \u00fcber unsere Produkt- und Dienstleistungskataloge per E-Mail und\/oder Post.<\/li>\n\n\n\n<li style=\"margin-right:var(--wp--preset--spacing--30);margin-left:var(--wp--preset--spacing--30)\">Verwaltung von Website-Benutzern und, soweit zutreffend, Aktivierung und Verwaltung der Registrierung im gesch\u00fctzten Bereich der Website.<\/li>\n\n\n\n<li style=\"margin-right:var(--wp--preset--spacing--30);margin-left:var(--wp--preset--spacing--30)\">Bearbeitung von Anfragen, Vorschl\u00e4gen und Beschwerden.<\/li>\n\n\n\n<li style=\"margin-right:var(--wp--preset--spacing--30);margin-left:var(--wp--preset--spacing--30)\">Informieren \u00fcber f\u00fcr Sie interessante Inhalte per elektronischer Mittel oder Mobilger\u00e4te.<\/li>\n\n\n\n<li style=\"margin-right:var(--wp--preset--spacing--30);margin-left:var(--wp--preset--spacing--30)\">Verwaltung des Newsletter-Versands an Abonnenten.<\/li>\n<\/ul>\n\n\n\n<hr class=\"wp-block-separator has-alpha-channel-opacity\"\/>\n\n\n\n<h3 class=\"wp-block-heading\"><strong>2.1. Aufbewahrungsdauer<\/strong><\/h3>\n\n\n\n<p>Personenbezogene Daten werden nur so lange gespeichert, wie es erforderlich ist, um rechtlichen Verpflichtungen nachzukommen, Anfragen zu beantworten, Probleme zu l\u00f6sen, Verbesserungen vorzunehmen oder Dienstleistungen zu aktivieren.<\/p>\n\n\n\n<p>Bei Abonnements werden die Daten bis zum Widerruf der Einwilligung oder Antrag auf Einschr\u00e4nkung der Verarbeitung gespeichert und anschlie\u00dfend f\u00fcr den gesetzlich vorgeschriebenen Zeitraum gesperrt.<\/p>\n\n\n\n<hr class=\"wp-block-separator has-alpha-channel-opacity\"\/>\n\n\n\n<h2 class=\"wp-block-heading\">3. Rechtsgrundlage und erhobene Daten<\/h2>\n\n\n\n<p>Die Verarbeitung erfolgt auf Grundlage Ihrer ausdr\u00fccklichen Einwilligung, die durch eine positive Handlung (z. B. Ausf\u00fcllen des Formulars und Ankreuzen der Einverst\u00e4ndniserkl\u00e4rung) erteilt wird.<\/p>\n\n\n\n<hr class=\"wp-block-separator has-alpha-channel-opacity\"\/>\n\n\n\n<h3 class=\"wp-block-heading\"><strong>3.1. Einwilligung zur Datenverarbeitung<\/strong><\/h3>\n\n\n\n<p>Die Rechtsgrundlage f\u00fcr die Verarbeitung personenbezogener Daten von Nutzern und\/oder Kunden findet sich in Artikel 6 Absatz 1 Buchstaben a, b und c der Verordnung (EU) 2016\/679 vom 27. April.<\/p>\n\n\n\n<ul class=\"wp-block-list\">\n<li style=\"margin-right:var(--wp--preset--spacing--30);margin-left:var(--wp--preset--spacing--30)\">Der Nutzer und\/oder Kunde hat seine ausdr\u00fcckliche Einwilligung zu den beschriebenen Zwecken, die die Verarbeitung seiner personenbezogenen Daten erfordern, sowie im Rahmen eines Vertragsverh\u00e4ltnisses oder eines vorvertraglichen Verh\u00e4ltnisses zur Bearbeitung seiner Informationsanfrage und\/oder zur Erbringung einer Dienstleistung gegeben.<\/li>\n\n\n\n<li style=\"margin-right:var(--wp--preset--spacing--30);margin-left:var(--wp--preset--spacing--30)\">Der Nutzer und\/oder Kunde hat seine ausdr\u00fcckliche Einwilligung durch eine positive und best\u00e4tigende Handlung (Ausf\u00fcllen des entsprechenden Formulars und Anklicken des K\u00e4stchens zur Annahme dieser Richtlinie) bei der Bereitstellung seiner personenbezogenen Daten gegeben.<\/li>\n<\/ul>\n\n\n\n<hr class=\"wp-block-separator has-alpha-channel-opacity\"\/>\n\n\n\n<h3 class=\"wp-block-heading\"><strong>3.2. Datenkategorien<\/strong><\/h3>\n\n\n\n<p>Die erhobenen Daten beziehen sich auf Identifikationsdaten wie: Vor- und Nachname, Telefonnummer, Postanschrift, Firma, E-Mail-Adresse und die IP-Adresse, von der aus auf das Datenerhebungsformular zugegriffen wird.<\/p>\n\n\n\n<hr class=\"wp-block-separator has-alpha-channel-opacity\"\/>\n\n\n\n<h2 class=\"wp-block-heading\">4. Sicherheitsma\u00dfnahmen<\/h2>\n\n\n\n<p>Im Einklang mit unserer Verpflichtung, die Sicherheit und Vertraulichkeit Ihrer personenbezogenen Daten zu gew\u00e4hrleisten, informieren wir Sie dar\u00fcber, dass technische und organisatorische Ma\u00dfnahmen getroffen wurden, um die Sicherheit personenbezogener Daten zu gew\u00e4hrleisten und deren Ver\u00e4nderung, Verlust, unbefugte Verarbeitung oder Zugriff zu verhindern, unter Ber\u00fccksichtigung des Stands der Technik, der Art der gespeicherten Daten und der Risiken, denen sie ausgesetzt sind, gem\u00e4\u00df Artikel 32 der EU-DSGVO 679\/2016.<\/p>\n\n\n\n<hr class=\"wp-block-separator has-alpha-channel-opacity\"\/>\n\n\n\n<h2 class=\"wp-block-heading\">5. Datenweitergabe<\/h2>\n\n\n\n<p>Es sind keine Offenlegungen von Daten oder internationale Daten\u00fcbermittlungen vorgesehen, es sei denn, dies ist aufgrund steuer-, handels- oder telekommunikationsrechtlicher Vorschriften oder aufgrund einer gerichtlichen Anordnung erforderlich.<\/p>\n\n\n\n<hr class=\"wp-block-separator has-alpha-channel-opacity\"\/>\n\n\n\n<h2 class=\"wp-block-heading\">6. Rechte der betroffenen Person<\/h2>\n\n\n\n<p>Jede betroffene Person hat das Recht, eine Best\u00e4tigung dar\u00fcber zu erhalten, ob wir personenbezogene Daten \u00fcber sie verarbeiten. Betroffene Personen haben das Recht, auf ihre personenbezogenen Daten zuzugreifen, die Berichtigung unrichtiger Daten zu verlangen oder die L\u00f6schung zu verlangen, wenn die Daten f\u00fcr die Zwecke, f\u00fcr die sie erhoben wurden, nicht mehr erforderlich sind. Unter bestimmten Umst\u00e4nden k\u00f6nnen betroffene Personen die Einschr\u00e4nkung der Datenverarbeitung verlangen, wobei die Daten dann nur noch zur Aus\u00fcbung oder Verteidigung von Rechtsanspr\u00fcchen gespeichert werden. Aus Gr\u00fcnden, die sich aus ihrer besonderen Situation ergeben, k\u00f6nnen betroffene Personen der Verarbeitung ihrer Daten widersprechen. Der Verantwortliche wird die Verarbeitung der Daten einstellen, es sei denn, es liegen zwingende berechtigte Gr\u00fcnde oder die Aus\u00fcbung oder Verteidigung m\u00f6glicher Anspr\u00fcche vor.<\/p>\n\n\n\n<p>Gem\u00e4\u00df den geltenden Rechtsvorschriften haben Sie folgende Rechte: das Recht auf Zugang zu Ihren personenbezogenen Daten, das Recht auf Berichtigung oder L\u00f6schung, das Recht auf Einschr\u00e4nkung der Verarbeitung, das Recht auf Widerspruch gegen die Verarbeitung, das Recht auf Daten\u00fcbertragbarkeit und das Recht auf Widerruf der erteilten Einwilligung.<\/p>\n\n\n\n<hr class=\"wp-block-separator has-alpha-channel-opacity\"\/>\n\n\n\n<h3 class=\"wp-block-heading\"><strong>6.1. Aus\u00fcbung Ihrer Rechte<\/strong><\/h3>\n\n\n\n<p>Um Ihre Rechte auszu\u00fcben, m\u00fcssen Sie sich an den Verantwortlichen wenden und das entsprechende Formular f\u00fcr das Recht, das Sie aus\u00fcben m\u00f6chten, anfordern. Sie k\u00f6nnen sich auch an die zust\u00e4ndige Aufsichtsbeh\u00f6rde wenden, um weitere Informationen zu Ihren Rechten zu erhalten. Die Kontaktdaten zur Aus\u00fcbung Ihrer Rechte lauten: Telefon +34 868 784 752 und E-Mail info@akunas.comRemember. Bitte f\u00fcgen Sie eine Kopie eines Dokuments bei, anhand dessen wir Sie identifizieren k\u00f6nnen.<\/p>\n\n\n\n<hr class=\"wp-block-separator has-alpha-channel-opacity\"\/>\n\n\n\n<h2 class=\"wp-block-heading\">7. Einwilligung zur Zusendung elektronischer Mitteilungen<\/h2>\n\n\n\n<p>Gem\u00e4\u00df dem spanischen Gesetz 34\/2002 vom 11. Juli \u00fcber Dienste der Informationsgesellschaft und des elektronischen Gesch\u00e4ftsverkehrs erteilen Sie durch das Ankreuzen des entsprechenden K\u00e4stchens Ihre ausdr\u00fcckliche Einwilligung, Mitteilungen \u00fcber das Unternehmen per E-Mail, Telefon, Fax oder andere elektronische Mittel zu erhalten.<\/p>\n\n\n\n<p><\/p>\n<\/div>\n","protected":false},"excerpt":{"rendered":"<p>Datenschutzerkl\u00e4rung 1. Angaben zum Verantwortlichen Unternehmensname:&nbsp;Akunas Magrum SL (im Folgenden \u201eUnternehmen\u201c oder \u201eVerantwortlicher\u201c)Steuernummer (CIF):&nbsp;B42502385Adresse:&nbsp;Calle de Tabarca, 12, 03580 Alfas del Pi, Alicante, SpanienTelefon:&nbsp;+34 868 784 752E-Mail f\u00fcr Datenschutzanfragen:&nbsp;info@akunas.com 1.1. Anwendbare Vorschriften Unsere Datenschutzerkl\u00e4rung wurde in \u00dcbereinstimmung mit der EU-Datenschutz-Grundverordnung (DSGVO) 2016\/679 des Europ\u00e4ischen Parlaments und des Rates vom 27. April 2016 erstellt. Sie betrifft den [&hellip;]<\/p>\n","protected":false},"author":2,"featured_media":0,"parent":0,"menu_order":4,"comment_status":"closed","ping_status":"closed","template":"solid-header","meta":{"_acf_changed":false,"footnotes":""},"tags":[],"class_list":["post-8683","page","type-page","status-publish","hentry"],"acf":[],"_links":{"self":[{"href":"https:\/\/www.akunas.com\/de\/wp-json\/wp\/v2\/pages\/8683","targetHints":{"allow":["GET"]}}],"collection":[{"href":"https:\/\/www.akunas.com\/de\/wp-json\/wp\/v2\/pages"}],"about":[{"href":"https:\/\/www.akunas.com\/de\/wp-json\/wp\/v2\/types\/page"}],"author":[{"embeddable":true,"href":"https:\/\/www.akunas.com\/de\/wp-json\/wp\/v2\/users\/2"}],"replies":[{"embeddable":true,"href":"https:\/\/www.akunas.com\/de\/wp-json\/wp\/v2\/comments?post=8683"}],"version-history":[{"count":1,"href":"https:\/\/www.akunas.com\/de\/wp-json\/wp\/v2\/pages\/8683\/revisions"}],"predecessor-version":[{"id":11043,"href":"https:\/\/www.akunas.com\/de\/wp-json\/wp\/v2\/pages\/8683\/revisions\/11043"}],"wp:attachment":[{"href":"https:\/\/www.akunas.com\/de\/wp-json\/wp\/v2\/media?parent=8683"}],"wp:term":[{"taxonomy":"post_tag","embeddable":true,"href":"https:\/\/www.akunas.com\/de\/wp-json\/wp\/v2\/tags?post=8683"}],"curies":[{"name":"wp","href":"https:\/\/api.w.org\/{rel}","templated":true}]}}

<div class="wp-block-group has-global-padding is-layout-constrained wp-block-group-is-layout-constrained">
<h1 class="wp-block-heading">Datenschutzerklärung</h1>



<h2 class="wp-block-heading">1. Angaben zum Verantwortlichen</h2>



<p><strong>Unternehmensname:</strong>&nbsp;Akunas Magrum SL (im Folgenden „Unternehmen“ oder „Verantwortlicher“)<br><strong>Steuernummer (CIF):</strong>&nbsp;B42502385<br><strong>Adresse:</strong>&nbsp;Calle de Tabarca, 12, 03580 Alfas del Pi, Alicante, Spanien<br><strong>Telefon:</strong>&nbsp;+34 868 784 752<br><strong>E-Mail für Datenschutzanfragen:</strong>&nbsp;<a>info@akunas.com</a></p>



<hr class="wp-block-separator has-alpha-channel-opacity"/>



<h3 class="wp-block-heading"><strong>1.1. Anwendbare Vorschriften</strong></h3>



<p>Unsere Datenschutzerklärung wurde in Übereinstimmung mit der EU-Datenschutz-Grundverordnung (DSGVO) 2016/679 des Europäischen Parlaments und des Rates vom 27. April 2016 erstellt. Sie betrifft den Schutz natürlicher Personen bei der Verarbeitung personenbezogener Daten und den freien Datenverkehr und hebt die Richtlinie 95/46/EG auf. Soweit diese Verordnung nicht im Widerspruch steht, gilt ergänzend das spanische Datenschutzrecht.</p>



<p>Durch die Übermittlung Ihrer Daten bestätigen Sie, dass Sie diese Datenschutzerklärung gelesen und verstanden haben, und erteilen Ihre ausdrückliche und eindeutige Einwilligung zur Verarbeitung Ihrer personenbezogenen Daten für die hier angegebenen Zwecke und Bedingungen.</p>



<p>Das Unternehmen kann diese Datenschutzerklärung ändern, um sie an neue gesetzliche, gerichtliche oder aufsichtsrechtliche Vorgaben der spanischen Datenschutzbehörde anzupassen. Diese Datenschutzerklärung kann durch das Impressum, die Cookie-Richtlinie und die Allgemeinen Geschäftsbedingungen ergänzt werden, soweit diese auf bestimmte Produkte oder Dienstleistungen Anwendung finden.</p>



<hr class="wp-block-separator has-alpha-channel-opacity"/>



<h3 class="wp-block-heading"><strong>1.2. Datenschutzbeauftragter</strong></h3>



<p>Das Unternehmen hat keinen Datenschutzbeauftragten bestellt.</p>



<hr class="wp-block-separator has-alpha-channel-opacity"/>



<h2 class="wp-block-heading">2. Zweck der Datenverarbeitung</h2>



<p>Ihre personenbezogenen Daten werden zu folgenden Zwecken verarbeitet:</p>



<ul class="wp-block-list">
<li style="margin-right:var(--wp--preset--spacing--30);margin-left:var(--wp--preset--spacing--30)">Bereitstellung von Informationen über unsere Produkte und Dienstleistungen, wie auf dieser Website beschrieben, einschließlich beruflicher Vermittlungen im Bereich der Immobilienwirtschaft.</li>



<li style="margin-right:var(--wp--preset--spacing--30);margin-left:var(--wp--preset--spacing--30)">Abschluss von Verträgen über unsere Dienstleistungen nach Annahme eines Angebots/Auftrags oder Unterzeichnung eines Handelsvertrags.</li>



<li style="margin-right:var(--wp--preset--spacing--30);margin-left:var(--wp--preset--spacing--30)">Versand von Neuigkeiten und Aktualisierungen über das Unternehmen sowie über unsere Produkt- und Dienstleistungskataloge per E-Mail und/oder Post.</li>



<li style="margin-right:var(--wp--preset--spacing--30);margin-left:var(--wp--preset--spacing--30)">Verwaltung von Website-Benutzern und, soweit zutreffend, Aktivierung und Verwaltung der Registrierung im geschützten Bereich der Website.</li>



<li style="margin-right:var(--wp--preset--spacing--30);margin-left:var(--wp--preset--spacing--30)">Bearbeitung von Anfragen, Vorschlägen und Beschwerden.</li>



<li style="margin-right:var(--wp--preset--spacing--30);margin-left:var(--wp--preset--spacing--30)">Informieren über für Sie interessante Inhalte per elektronischer Mittel oder Mobilgeräte.</li>



<li style="margin-right:var(--wp--preset--spacing--30);margin-left:var(--wp--preset--spacing--30)">Verwaltung des Newsletter-Versands an Abonnenten.</li>
</ul>



<hr class="wp-block-separator has-alpha-channel-opacity"/>



<h3 class="wp-block-heading"><strong>2.1. Aufbewahrungsdauer</strong></h3>



<p>Personenbezogene Daten werden nur so lange gespeichert, wie es erforderlich ist, um rechtlichen Verpflichtungen nachzukommen, Anfragen zu beantworten, Probleme zu lösen, Verbesserungen vorzunehmen oder Dienstleistungen zu aktivieren.</p>



<p>Bei Abonnements werden die Daten bis zum Widerruf der Einwilligung oder Antrag auf Einschränkung der Verarbeitung gespeichert und anschließend für den gesetzlich vorgeschriebenen Zeitraum gesperrt.</p>



<hr class="wp-block-separator has-alpha-channel-opacity"/>



<h2 class="wp-block-heading">3. Rechtsgrundlage und erhobene Daten</h2>



<p>Die Verarbeitung erfolgt auf Grundlage Ihrer ausdrücklichen Einwilligung, die durch eine positive Handlung (z. B. Ausfüllen des Formulars und Ankreuzen der Einverständniserklärung) erteilt wird.</p>



<hr class="wp-block-separator has-alpha-channel-opacity"/>



<h3 class="wp-block-heading"><strong>3.1. Einwilligung zur Datenverarbeitung</strong></h3>



<p>Die Rechtsgrundlage für die Verarbeitung personenbezogener Daten von Nutzern und/oder Kunden findet sich in Artikel 6 Absatz 1 Buchstaben a, b und c der Verordnung (EU) 2016/679 vom 27. April.</p>



<ul class="wp-block-list">
<li style="margin-right:var(--wp--preset--spacing--30);margin-left:var(--wp--preset--spacing--30)">Der Nutzer und/oder Kunde hat seine ausdrückliche Einwilligung zu den beschriebenen Zwecken, die die Verarbeitung seiner personenbezogenen Daten erfordern, sowie im Rahmen eines Vertragsverhältnisses oder eines vorvertraglichen Verhältnisses zur Bearbeitung seiner Informationsanfrage und/oder zur Erbringung einer Dienstleistung gegeben.</li>



<li style="margin-right:var(--wp--preset--spacing--30);margin-left:var(--wp--preset--spacing--30)">Der Nutzer und/oder Kunde hat seine ausdrückliche Einwilligung durch eine positive und bestätigende Handlung (Ausfüllen des entsprechenden Formulars und Anklicken des Kästchens zur Annahme dieser Richtlinie) bei der Bereitstellung seiner personenbezogenen Daten gegeben.</li>
</ul>



<hr class="wp-block-separator has-alpha-channel-opacity"/>



<h3 class="wp-block-heading"><strong>3.2. Datenkategorien</strong></h3>



<p>Die erhobenen Daten beziehen sich auf Identifikationsdaten wie: Vor- und Nachname, Telefonnummer, Postanschrift, Firma, E-Mail-Adresse und die IP-Adresse, von der aus auf das Datenerhebungsformular zugegriffen wird.</p>



<hr class="wp-block-separator has-alpha-channel-opacity"/>



<h2 class="wp-block-heading">4. Sicherheitsmaßnahmen</h2>



<p>Im Einklang mit unserer Verpflichtung, die Sicherheit und Vertraulichkeit Ihrer personenbezogenen Daten zu gewährleisten, informieren wir Sie darüber, dass technische und organisatorische Maßnahmen getroffen wurden, um die Sicherheit personenbezogener Daten zu gewährleisten und deren Veränderung, Verlust, unbefugte Verarbeitung oder Zugriff zu verhindern, unter Berücksichtigung des Stands der Technik, der Art der gespeicherten Daten und der Risiken, denen sie ausgesetzt sind, gemäß Artikel 32 der EU-DSGVO 679/2016.</p>



<hr class="wp-block-separator has-alpha-channel-opacity"/>



<h2 class="wp-block-heading">5. Datenweitergabe</h2>



<p>Es sind keine Offenlegungen von Daten oder internationale Datenübermittlungen vorgesehen, es sei denn, dies ist aufgrund steuer-, handels- oder telekommunikationsrechtlicher Vorschriften oder aufgrund einer gerichtlichen Anordnung erforderlich.</p>



<hr class="wp-block-separator has-alpha-channel-opacity"/>



<h2 class="wp-block-heading">6. Rechte der betroffenen Person</h2>



<p>Jede betroffene Person hat das Recht, eine Bestätigung darüber zu erhalten, ob wir personenbezogene Daten über sie verarbeiten. Betroffene Personen haben das Recht, auf ihre personenbezogenen Daten zuzugreifen, die Berichtigung unrichtiger Daten zu verlangen oder die Löschung zu verlangen, wenn die Daten für die Zwecke, für die sie erhoben wurden, nicht mehr erforderlich sind. Unter bestimmten Umständen können betroffene Personen die Einschränkung der Datenverarbeitung verlangen, wobei die Daten dann nur noch zur Ausübung oder Verteidigung von Rechtsansprüchen gespeichert werden. Aus Gründen, die sich aus ihrer besonderen Situation ergeben, können betroffene Personen der Verarbeitung ihrer Daten widersprechen. Der Verantwortliche wird die Verarbeitung der Daten einstellen, es sei denn, es liegen zwingende berechtigte Gründe oder die Ausübung oder Verteidigung möglicher Ansprüche vor.</p>



<p>Gemäß den geltenden Rechtsvorschriften haben Sie folgende Rechte: das Recht auf Zugang zu Ihren personenbezogenen Daten, das Recht auf Berichtigung oder Löschung, das Recht auf Einschränkung der Verarbeitung, das Recht auf Widerspruch gegen die Verarbeitung, das Recht auf Datenübertragbarkeit und das Recht auf Widerruf der erteilten Einwilligung.</p>



<hr class="wp-block-separator has-alpha-channel-opacity"/>



<h3 class="wp-block-heading"><strong>6.1. Ausübung Ihrer Rechte</strong></h3>



<p>Um Ihre Rechte auszuüben, müssen Sie sich an den Verantwortlichen wenden und das entsprechende Formular für das Recht, das Sie ausüben möchten, anfordern. Sie können sich auch an die zuständige Aufsichtsbehörde wenden, um weitere Informationen zu Ihren Rechten zu erhalten. Die Kontaktdaten zur Ausübung Ihrer Rechte lauten: Telefon +34 868 784 752 und E-Mail info@akunas.comRemember. Bitte fügen Sie eine Kopie eines Dokuments bei, anhand dessen wir Sie identifizieren können.</p>



<hr class="wp-block-separator has-alpha-channel-opacity"/>



<h2 class="wp-block-heading">7. Einwilligung zur Zusendung elektronischer Mitteilungen</h2>



<p>Gemäß dem spanischen Gesetz 34/2002 vom 11. Juli über Dienste der Informationsgesellschaft und des elektronischen Geschäftsverkehrs erteilen Sie durch das Ankreuzen des entsprechenden Kästchens Ihre ausdrückliche Einwilligung, Mitteilungen über das Unternehmen per E-Mail, Telefon, Fax oder andere elektronische Mittel zu erhalten.</p>



<p></p>
</div>

<p>Datenschutzerklärung 1. Angaben zum Verantwortlichen Unternehmensname:&nbsp;Akunas Magrum SL (im Folgenden „Unternehmen“ oder „Verantwortlicher“)Steuernummer (CIF):&nbsp;B42502385Adresse:&nbsp;Calle de Tabarca, 12, 03580 Alfas del Pi, Alicante, SpanienTelefon:&nbsp;+34 868 784 752E-Mail für Datenschutzanfragen:&nbsp;info@akunas.com 1.1. Anwendbare Vorschriften Unsere Datenschutzerklärung wurde in Übereinstimmung mit der EU-Datenschutz-Grundverordnung (DSGVO) 2016/679 des Europäischen Parlaments und des Rates vom 27. April 2016 erstellt. Sie betrifft den [&hellip;]</p>
